{"id":7,"date":"2012-05-24T11:28:25","date_gmt":"2012-05-24T11:28:25","guid":{"rendered":"http:\/\/ilovehue.net\/?page_id=7"},"modified":"2018-10-17T09:19:25","modified_gmt":"2018-10-17T13:19:25","slug":"who-am-i","status":"publish","type":"page","link":"https:\/\/ilovehue.net\/?page_id=7","title":{"rendered":"Resume"},"content":{"rendered":"<div id=\"id1\">\n<div style=\"text-align: left;\">\n<p>I first began as a bassist in a punk band called LABEL. It pushed me toward the DIY scene and the technical side of music. \u00a0After College I went to a private school dedicated to teaching sound engineering. \u00a0After graduating, I got hired as a do-it-all man at Studio 408, a recording studio that also had a side business at printing CDs and DVDs. \u00a0That&#8217;s where I really got involved with video. \u00a0They had a Discreet EDIT* system and I had to edit music videos so I gave it a try.<\/p>\n<p>It wasn&#8217;t long before I found a copy of Final Cut Pro 1 and started editing videos I shot with my Canon GL1 on a mac. And months later I was running the sound studio, the DVD duplicators and the edit suite. \u00a0To get more serious about my passion for video and jumped into the freelance world. I got gigs that quickly evolved from assistant-editor to \u00a0online editor and technical director. \u00a0It was during the big migration toward HD. I worked on a couple of tv series and commercials.<\/p>\n<p>In 2007, I got hired as a full time technical director at Bureau de Post that later became <a href=\"http:\/\/www.shedmtl.com\" target=\"_blank\">SHED<\/a>, a major post facility in Montreal specialized in high quality commecial work. \u00a0I had to manage Smoke, Flame and Lustre stations, many offline suites and integrate a whole 3D departement (XSI, Nuke). For five years I&#8217;ve been joggling with pixels, frame rates and formats.<\/p>\n<p>In 2011 I finally got back to freelancing. I now work as head colorist and post supervisor at<a href=\"http:\/\/CineGround.com\" target=\"_blank\"> CineGround<\/a> in Montreal. I also give DIT, Color Grading and digital formats classes at l&#8217;<a href=\"www.inis.qc.ca\">INIS<\/a>. And while doing all this I volunteer as an administrator for the<a href=\"http:\/\/www.fcmtl.com\" target=\"_blank\"> Montreal Creative Front <\/a>(used to be called\u00a0<a href=\"http:\/\/www.finalcutmtl.org\" target=\"_blank\"> Final Cut MTL).<\/a><\/p>\n<p>Here are some of the projects I worked on:<\/p>\n<p>Color grading tv commercials \/ music videos<\/p>\n<ul>\n<li><strong>Chambre de commerce de Montr\u00e9al<\/strong><\/li>\n<li><strong>Shereton\u00a0 Centre des Congr\u00e8s<\/strong><\/li>\n<li><strong>Monsieur Chalet<\/strong><\/li>\n<li><strong>Lole men<\/strong><\/li>\n<li><strong>Jackalope<\/strong><\/li>\n<li><strong>Aqualigix<\/strong><\/li>\n<li><strong>Tourisme Outaouais<\/strong><\/li>\n<li><strong>Sanissimo<\/strong><\/li>\n<li><strong>Porsche Canada<\/strong><\/li>\n<li><strong>Metro \u00c9picier &#8211; Chalet (TVC)<\/strong><\/li>\n<li><strong>BTSM &#8211; Zombie (Music Video)<\/strong><\/li>\n<li><strong>Volkswagen (TVC)\u00a0<\/strong><\/li>\n<li><strong>Pierre Jean Jacques<\/strong> (TVC) Coup Mont\u00e9<\/li>\n<li><strong>CRHA<\/strong> (TVC) Orkestra<\/li>\n<li><strong>FlorDeco<\/strong> (TVC) Orkestra<\/li>\n<li><strong>\u00c9quiterre<\/strong> (TVC) Rodeo<\/li>\n<li><strong>Hydro-Qu\u00e9bec<\/strong> (TVC) Rodeo<\/li>\n<li><strong>Keurig<\/strong> (TVC) Rodeo @Cineground<\/li>\n<li><strong>Fran\u00e7ois Bellefeuille<\/strong> (TVC) KOZE <a href=\"http:\/\/www.cineground.com\">@CineGround<\/a><\/li>\n<li><strong>Frank and Oak &#8211; Merino<\/strong> (TVC) Rodeo productions <a href=\"http:\/\/www.cineground.com\">@CineGround<\/a><\/li>\n<li><strong>Pomme Qualit\u00e9<\/strong> (TVC) <a href=\"http:\/\/www.cineground.com\">@CineGround<\/a><\/li>\n<li><strong>Valentine<\/strong> (TVC) Consulat <a href=\"http:\/\/www.cineground.com\">@CineGround<\/a><\/li>\n<li><strong>Groupe Maurice<\/strong> (TVC) Bifurk <a href=\"http:\/\/www.cineground.com\">@CineGround<\/a><\/li>\n<li><strong>Intimidation<\/strong> (web) Consulat <a href=\"http:\/\/www.cineground.com\">@CineGround<\/a><\/li>\n<li><strong>Lise Watier<\/strong> (TVC) Consulet\u00a0 <a href=\"http:\/\/www.cineground.com\">@CineGround<\/a><\/li>\n<li><strong>Dermablend<\/strong> (TVC) Tuxedo <a href=\"http:\/\/www.cineground.com\">@CineGround<\/a><\/li>\n<li><strong>Ford ice rink<\/strong>\u00a0(web commercial) Coup Mont\u00e9 (DP Mathieu \u00c9lie) <a href=\"http:\/\/www.cineground.com\">@CineGround<\/a><\/li>\n<li><b>Kamikaze &#8211; Patrice Michaud<\/b> (music video) <a href=\"http:\/\/www.cineground.com\">@CineGround<\/a><\/li>\n<li><strong>Ford Fusion<\/strong>\u00a0(web commercial) Coup Mont\u00e9 (DP Mathieu \u00c9lie) <a href=\"http:\/\/www.cineground.com\">@CineGround<\/a><\/li>\n<li><strong>Ford Super Duty<\/strong> (web commercial) Coup Mont\u00e9 (DP Mathieu \u00c9lie) <a href=\"http:\/\/www.cineground.com\">@CineGround<\/a><\/li>\n<li><strong>Raymond Chabot 2017<\/strong>\u00a0(commercial)\u00a0MOM Industries<\/li>\n<li><strong>Nutrilait<\/strong> (tvc) La Cavalerie\/Studio \u00c9l\u00e9ment (Pierre Dalp\u00e9\/Christophe Collette)<\/li>\n<li><strong>Gardasil9<\/strong> (tvc) MOM Industries<\/li>\n<li><strong>Coeur de Pirate &#8211; Drapeau blanc<\/strong> (music video) Romeo et fils<\/li>\n<li><strong>Rudsak<\/strong> (web commercial) L&#8217;\u00c9loi\/Christophe Collette<\/li>\n<li><strong>Heartstreets<\/strong> &#8211; Cruising (music video)<\/li>\n<li><strong>Mr. B\/Aldo<\/strong> (web commercial) L&#8217;\u00c9loi<\/li>\n<li><strong>ComediHa! 2016<\/strong> (tvc) Quebecomm<\/li>\n<li><strong>MUVBOX<\/strong> (web commercial) Ouisurf<\/li>\n<li><strong>Laurence Nerbonne<\/strong> &#8211; Montreal XO (music video) Romeo &amp; Fils<\/li>\n<li><strong>Coeur de Pirate<\/strong> &#8211; I don&#8217;t want to break your heart (music video)\u00a0Rom\u00e9o et Fils<\/li>\n<li><strong>Tommy Kruise<\/strong> (music video) Rom\u00e9o et Fils \/ Baz et JP Bernier<\/li>\n<li><strong>F\u00e9\u00e9rie de l&#8217;espoir<\/strong> (web clip) Agence Qu\u00e9b\u00e9comm<\/li>\n<li><strong>Raymond-Cabot &#8220;Caf\u00e9&#8221; (commercial)<\/strong> MOM Industries<\/li>\n<li><strong>Croix bleu<\/strong> (commercial) PMT\/La Shoppe<\/li>\n<li><strong>Crier tout bas &#8211; Coeur de pirate<\/strong> (music video)\u00a0Rom\u00e9o &amp; Fils \/\u00a0Kevin Calero \/DP Jessica Lee Gagn\u00e9<\/li>\n<li><strong>Reitmans MTL fashion\u00a0week<\/strong> (web promo) 1one<\/li>\n<li><strong>Abitibi+Co<\/strong>\u00a0(web promos)<\/li>\n<li><strong>Philippe B &#8211; Nous irons jusqu&#8217;au soleil<\/strong> (music video) Rom\u00e9o &amp; Fils \/ BAZ<\/li>\n<li><strong>Abitibi &amp; Co<\/strong> (web promo)<\/li>\n<li><strong>Loto-Qu\u00e9bec &#8211; Blague2D2<\/strong> (stunt) 1One +\u00a0Bleu Blanc Rouge<\/li>\n<li><strong>Loud+Lary+Ajust &#8211; Blue Volvo<\/strong> (music video)\u00a0Rom\u00e9o et Fils (DP Jessica Lee Gagn\u00e9)<\/li>\n<li><strong>Blague2D2<\/strong> &#8211; (web stunt)1one+Bleu Blanc Rouge<\/li>\n<li><strong>Fred Pellerin &#8211; Plus tard qu&#8217;on pense<\/strong> (music video) PMT (DOP Fr\u00e9d\u00e9ric Jouin)<\/li>\n<li><strong>Germain Larivi\u00e8re<\/strong> (tvc) PMT<\/li>\n<li><strong>Verdure<\/strong> (tvc) La Guerilla<\/li>\n<li><strong>Coeur de pirate <\/strong>(web promo)\u00a0Rom\u00e9o et Fils (DP Jessica Lee Gagn\u00e9)<\/li>\n<li><strong>Gr\u00e9gory Charles allume le casino<\/strong> (web promo) 1one<\/li>\n<li><strong>Coeur de Pirate &#8211; Carry on<\/strong>\u00a0(music video) Rom\u00e9o et Fils (DOP Christophe Colette)<\/li>\n<li><strong>Fondation Jean Lapointe<\/strong>\u00a0<strong>&#8211; Influence<\/strong> (web commercial) B612 (DP Parish)<\/li>\n<li><strong>Ariane Moffatt &#8211; Debout<\/strong> (music video) &#8211; Vall\u00e9eDuhamel<\/li>\n<li><strong>Samsung Galaxy S4 Note<\/strong> (TV Commercial) -&gt; Vall\u00e9eDuhamel (DOP Jean-Philippe Bernier)<\/li>\n<li><strong>MacDonald&#8217;s Hockey<\/strong> (TV Commercial) -&gt; Cossette\/Jet Films (DOP Alexis Durand-Brault)<\/li>\n<li><strong>Olivier Martineau<\/strong> (TV Commercial) -&gt; QuebeComm<\/li>\n<li><strong>Foxtrott &#8211; Driven<\/strong>-&gt; music video for 1one<\/li>\n<li><strong>La Guignol\u00e9e des m\u00e9dias 2014<\/strong> -&gt; Slik\/TamTam\/Jet Films -on Mistika<\/li>\n<li><strong>Casino du Qu\u00e9bec\u00a0+ Gr\u00e9gory Charles<\/strong> -&gt; 1one\/Cossette<\/li>\n<li><strong>Pratt&amp;Witney<\/strong> -&gt; Plasma Studio<\/li>\n<li><strong>Bluesound<\/strong> &#8211; Plasma\/MOM Industries<\/li>\n<li><strong>Rococode<\/strong> &#8211; Banks (music video) (DOP John Londono)<\/li>\n<li><strong>FAE\u00a0<\/strong>(TV Commercial) Slik -on Mistika<\/li>\n<li><strong>Reebok<\/strong> (TV Commercial) Vall\u00e9eDuhamel\/Workshop (DOP Jean-Philippe Bernier)<\/li>\n<li><strong>Clamato Bacondance<\/strong> (TV Commercial) Jet Films<\/li>\n<li><strong>Club Piscine<\/strong> 2014 (TV commercial) Auriga<\/li>\n<li><strong>Fran\u00e7ois Bellefeuille<\/strong> (TV commercial) PMT<\/li>\n<li><strong>Fondation Jean Lapointe<\/strong> (web commercial) B612<\/li>\n<li><strong>SEPAQ Chums<\/strong>\u00a0(tv commercial) for Cossette &amp; La Cavalerie<\/li>\n<li><strong>Pizza Hut &#8211; Ron Fournier<\/strong>\u00a0(tv commercial) for Brad &amp; La Cavalerie<\/li>\n<li><b>WIXX\u00a0<\/b>(tv commercial) for L&#8217;Eloi + Cossette<\/li>\n<li><strong>Le Fromage d&#8217;ici &#8220;automne 2012&#8221;\u00a0<\/strong>(TV commercial) La Cavalerie<\/li>\n<li><strong>Rona &#8220;yeux ferm\u00e9s&#8221;\u00a0<\/strong>(tv commercial) for Sid Lee, La Cavalerie<\/li>\n<li><strong>Il faut que tu saches<\/strong>\u00a0(music video) for Fred Pellerin, Trio Orange<\/li>\n<li><strong>Transplant-Quebec<\/strong>\u00a0for Trio Orange<\/li>\n<\/ul>\n<p>Color grading fiction<\/p>\n<ul>\n<li><strong>LOL 09<\/strong> (sitcom) ComediHa!<\/li>\n<li><strong>Le Reflet<\/strong> (short film)<\/li>\n<li><strong>Kinship<\/strong> (short movie) Jorge Camarotti<\/li>\n<li><strong>#emilegoesdown<\/strong> (web series) Gentils Films<\/li>\n<li><strong>Oh My Lord<\/strong> (web series) Zone 3<\/li>\n<li><strong>Table Manners<\/strong> (Feature film) Leli Leki Esq. Jack &amp; Jill productions\u00a0<a href=\"http:\/\/www.cineground.com\">@CineGround<\/a><\/li>\n<li><strong>Hyperlight<\/strong> (short movie) Anh Nguyen \/ Second Tomorrow\u00a0<a href=\"http:\/\/www.cineground.com\">@CineGround<\/a><\/li>\n<li><strong>On verra \u00e7a en postprod<\/strong> (web series) TV5 <a href=\"http:\/\/www.cineground.com\">@CineGround<\/a><\/li>\n<li><strong>12-24-01 pour 500$<\/strong> (short movie) Rodeo productions <a href=\"http:\/\/www.cineground.com\">@CineGround<\/a><\/li>\n<li><strong>Typical Love Story<\/strong> (short movie) Kicking tire production <a href=\"http:\/\/www.cineground.com\">@CineGround<\/a><\/li>\n<li><strong>Les Deuxi\u00e8mes<\/strong> (short movie)\u00a0 <a href=\"http:\/\/www.cineground.com\">@CineGround<\/a><\/li>\n<li><strong>LOL 08<\/strong> (sitcom) ComediHa! <a href=\"http:\/\/www.cineground.com\">@CineGround<\/a><\/li>\n<li><strong>Web Th\u00e9rapie 3-4<\/strong>\u00a0(comedy) Attraction<\/li>\n<li><strong>Petit Poulet<\/strong> (short film) Nicolas Letendre<\/li>\n<li><strong>Nom<\/strong> (short film) Khant films<\/li>\n<li><strong>Cortipassi<\/strong> (short film)<\/li>\n<li><strong>Papa II<\/strong> (web series) Authentique Productions<\/li>\n<li><strong>LOL 7<\/strong> (sitcom) QuebeComm\/ComediHa!<\/li>\n<li><strong>MED III<\/strong>\u00a0(tv series) Slik\/KOTV\/Vrak2 (DOP Jean-Philippe &#8211;<em>Parish<\/em>&#8211; Pariseau)<\/li>\n<li><strong>Body Language 2<\/strong> (doc-fiction)<\/li>\n<li><strong>Quiet Moment<\/strong> (short film) Digger films<\/li>\n<li><strong>Anime<\/strong> (short movie ) Antler<\/li>\n<li><strong>Web Th\u00e9rapie 1-2<\/strong> (comedy) Attraction<\/li>\n<li><strong>Madame Lebrun 3<\/strong> (sitcom) 1R2D<\/li>\n<li><strong>Mon Ex \u00e0 moi 2<\/strong> (tv series) Avanti<\/li>\n<li><strong>La Fracture<\/strong> (short film) Olaf Svenson<\/li>\n<li><strong>Diapason<\/strong> (web shorts) Coup Mont\u00e9<\/li>\n<li><strong>Madame Lebrun 2<\/strong>\u00a0(sitcom) Super \u00c9cran\/1R2D<\/li>\n<li><strong>Chrono(s)<\/strong> (short movie) Coup Mont\u00e9<\/li>\n<li><strong>MED II<\/strong>\u00a0(tv series) Slik\/KOTV\/Vrak2 on Mistika (DOP Jean-Philippe -Parish- Pariseau)<\/li>\n<li><strong>Complexe G 2<\/strong> (sitcom)\u00a0Quebecomm\/TVA (DOP Andr\u00e9 Perron)<\/li>\n<li><strong>T\u00e9nacit\u00e9 des courants d&#8217;air<\/strong> (short movie) Productions Hibernia<\/li>\n<li><strong>LOL 06<\/strong> (sitcom) Quebecomm\/TVA<\/li>\n<li><strong>Madame Lebrun<\/strong> (sitcom) Super \u00c9cran\/1R2B<\/li>\n<li><strong>TurboKid<\/strong> (feature film) pick-ups grading for EmaFilms\/LET\/RKSS (DOP JP Bernier)<\/li>\n<li><strong>Tragedia<\/strong> (short movie) Dir. Paul Carri\u00e8re (DOP Gontran Chartre)<\/li>\n<li><strong>Circuit<\/strong> (short movie) Dir. Olf Svenson (DOP JP Bernier)<\/li>\n<li>Capsules web <strong>&#8220;Les Beaux Malaises&#8221;<\/strong> PMT (DOP Genevi\u00e8ve Perron)<\/li>\n<li><strong>Patrice Lemieux 24-7<\/strong> (tv series) Slik\/KOTV (DOP Patrick Morin)<\/li>\n<li><strong>Le Chalet<\/strong> (tv series) Passez Go!\/Vrak (DOP F\u00e9lix T\u00e9treault)<\/li>\n<li><strong>MED<\/strong>\u00a0(tv series) Slik\/KOTV\/Vrak2 on Mistika (DOP Jean-Philippe -Parish- Pariseau)<\/li>\n<li><strong>Mon Ex \u00e0 moi<\/strong> (tv series) Avanti\/PMT\/Series+ (DOP Philippe Roy)<\/li>\n<li><strong>Ces gars l\u00e0 2<\/strong> (tv series) V\/PMT (DOP Philippe Falardeau)<\/li>\n<li><strong>La gu\u00e8re des bleuets<\/strong> (short movie)<\/li>\n<li><strong>Le P\u00e9dophile<\/strong> (short film) Les enfants terribles (DOP Jean-Philippe Bernier)<\/li>\n<li><strong>Mes Sympathies<\/strong> (web comedy) (DOP J\u00e9r\u00f4me Hof)<\/li>\n<li><strong>Complexe G<\/strong> (sitcom) Quebecomm\/TVA (DOP Andr\u00e9 Perron)<\/li>\n<li><strong>LOL 5<\/strong> (sitcom) Quebecomm (DOP Andr\u00e9 Perron &amp; Fran\u00e7ois Delagrave)<\/li>\n<li><strong>The Rotten Monk<\/strong> (short)<\/li>\n<li><strong>The Salamander<\/strong> (short) Megan Toompuu<\/li>\n<li><strong>The middle<\/strong> (short)<\/li>\n<li><strong>Paolo<\/strong> (short) Anabelle Lavoie<\/li>\n<li><strong>Maintenance boy Thanh<\/strong> (movie trailer)<\/li>\n<li><strong>Ma vie de amoureuse de marde<\/strong> (web drama) Convictions films<\/li>\n<li><strong>Mr B.<\/strong> (short) directed by Genevi\u00e8ve Bourassa<\/li>\n<li><strong>La Vie Parfaite<\/strong>\u00a0(tv drama) Attraction\/Radio-Canada (DOP J\u00e9r\u00f4me Sabourin)<\/li>\n<li><strong>Fatale<\/strong>\u00a0(short film) C\u00e9line France\/Le Devoir<\/li>\n<li><strong>Disparus<\/strong>\u00a0(Web drama) Toxa\/Encore\/Radio-Canada<\/li>\n<li><strong>Chez nous<\/strong>\u00a0(short) directed by \u00c9tienne Fournier<\/li>\n<li><strong>Hod Dog<\/strong>\u00a0(Feature film) for Orange Films + Marc-Andr\u00e9 Lavoie<\/li>\n<li><strong>Poker geeks<\/strong>\u00a0(short) for Final Cut MTL<\/li>\n<\/ul>\n<p>Color grading documentary\/tv series<\/p>\n<ul>\n<li><strong>Dave Morissette \u00e0 Compstelle<\/strong> (Documentary) Zone3<\/li>\n<li><strong>Tides and time<\/strong> (documentary) MC2<\/li>\n<li><strong>Amours Criminels<\/strong> (Documentary) Zone 3<\/li>\n<li><strong>Chasseurs de phoques<\/strong> (Documentary) MC2<\/li>\n<li><strong>Vision Mondiale &#8211; Rwanda<\/strong> (Documentary) B-612 <a href=\"http:\/\/www.cineground.com\">@CineGround<\/a><\/li>\n<li><strong>St-\u00c9lie-de-L\u00e9gendes<\/strong>\u00a0(tv series) Attractions m\u00e9dia\u00a0 <a href=\"http:\/\/www.cineground.com\">@CineGround<\/a><\/li>\n<li><strong>Les Flots<\/strong> (tv series) Saturne 5\u00a0 <a href=\"http:\/\/www.cineground.com\">@CineGround<\/a><\/li>\n<li><strong>DiStasio 2017<\/strong>\u00a0(tv series) Zone 3 <a href=\"http:\/\/www.cineground.com\">@CineGround<\/a><\/li>\n<li><strong>Jouer Dur<\/strong> (documentary series) MC2 <a href=\"http:\/\/www.cineground.com\">@CineGround<\/a><\/li>\n<li><strong>Coprs \u00e0 la carte<\/strong> (documentary) MC2 <a href=\"http:\/\/www.cineground.com\">@CineGround<\/a><\/li>\n<li><strong>Ambiance<\/strong> (4K vistas) Stingray Digital <a href=\"http:\/\/www.cineground.com\">@CineGround<\/a><\/li>\n<li><strong>Bo\u00eete \u00e0 Musique<\/strong> (tv series) KOTV<\/li>\n<li><strong>Route 66<\/strong>\u00a0(tv series) DATSIT<\/li>\n<li><strong>\u00c0 la DiStasio 2016<\/strong> (tv series) Zone 3<\/li>\n<li><strong>Ouisurf au P\u00e9rou<\/strong> (web series) Ouisurf<\/li>\n<li><strong>ChristChurch<\/strong> (documentary) Coup Mont\u00e9<\/li>\n<li><strong>Police sous surveillance<\/strong> (documentary) PMT<\/li>\n<li><strong>PLG Au sommet de la rampe<\/strong> (documentary) MC2<\/li>\n<li><strong>Ouisurf Kooks&amp;Hurricanes<\/strong> (web series)<\/li>\n<li><strong>Slapshot le documentaire<\/strong> (doc) Esperamos<\/li>\n<li><strong>Vol 920 2015<\/strong> (Reality tv) Supervising colorist<\/li>\n<li><strong>#TamyUSA<\/strong> (travel show) for Parce que films<\/li>\n<li><strong>Raymond Gravel<\/strong> (documentary)<\/li>\n<li><strong>Chienne de vie<\/strong> (documentary) H\u00e9l\u00e8ne Choquette<\/li>\n<li><strong>Vedette Inc<\/strong> (tv series) Slik<\/li>\n<li><strong>Le berceau des anges<\/strong> (documentary) PMT<\/li>\n<li><strong>Ouisurf en Afrique<\/strong> (tv series) Ouisurf\/Evasion<\/li>\n<li><strong>Chasseurs d&#8217;\u00e9paves<\/strong> (tv series) TOXA+Historia<\/li>\n<li><strong>Un chef \u00e0 la cabane III<\/strong> (tv series) Attractions + T\u00e9l\u00e9-Qu\u00e9bec<\/li>\n<li><strong>Big Wind<\/strong> (documentary)<\/li>\n<li><strong>Le Sphinx<\/strong> (art short)<\/li>\n<li><strong>Les Diff\u00e9rents<\/strong> (documentary) PMT\/T\u00e9l\u00e9-Qu\u00e9bec<\/li>\n<li><strong>Dans la cours \u00e0 Antoine<\/strong> (tv series) MustMedia<\/li>\n<li><strong>Un Chef \u00e0 la cabane III<\/strong>\u00a0(tv series) for Attraction Images Inc + T\u00e9l\u00e9-Qu\u00e9bec<\/li>\n<li><strong>Plan\u00e9tarium<\/strong><\/li>\n<li><strong>Steakhouse &#8211; Hugues \u00e0 New York<\/strong> (Documentary) Toxa\/Canal D<\/li>\n<li><strong>L&#8217;Art fait du bien<\/strong> (Documentary) AIDIA<\/li>\n<li><strong>Tamy@<\/strong> (tv series) Toxa\/Evasion<\/li>\n<li><strong>Ouisurf Web series III<\/strong> for Ouisurf.ca<\/li>\n<li><strong>Cuisine fut\u00e9e, Parent press\u00e9<\/strong> (tv series) B612\/T\u00e9l\u00e9-Qu\u00e9bec<\/li>\n<li><strong>Notes de passage<\/strong> (Documentary) for RDI<\/li>\n<li><strong>\u00c0 la si Stadio 13<\/strong> (tv series) for Zone3\/T\u00e9l\u00e9-Qu\u00e9bec<\/li>\n<li><strong>Notes de passage<\/strong> (Documentary) for PMT &#8211; Bazzo Bazzo \/ RDI<\/li>\n<li><strong>Un Chef \u00e0 la cabane II<\/strong>\u00a0(tv series) for Attraction Images Inc + T\u00e9l\u00e9-Qu\u00e9bec<\/li>\n<li><strong>Fort McMoney<\/strong> (Documentary series) Toxa\/ONF<\/li>\n<li><strong>Un Chef \u00e0 la cabane<\/strong> (tv series) for Attraction Images Inc + T\u00e9l\u00e9-Qu\u00e9bec<\/li>\n<li><strong>Alien: the definitive guide<\/strong> (tv documentary) Digital Cut\/Handel\/Discovery<\/li>\n<li><strong>Ouisurf\u00a0<\/strong>(tv series) Toxa &amp; \u00c9vasion<\/li>\n<li><b>Fatal Vows<\/b> (tv series) for Soci\u00e9t\u00e9 Digitale + Discovery Investigation<\/li>\n<li><strong>The Will<\/strong>\u00a03 (tv series) for Soci\u00e9t\u00e9 Digitale + Discovery Investigation<\/li>\n<li><strong>Demokarasi <\/strong>(documentary) KAKAO FIlms &amp; PMT<\/li>\n<li><strong>Le prix des mots\u00a0<\/strong>(documentary) MC2<\/li>\n<li><strong>Fatal Vows<\/strong> (tv series)\u00a0for Soci\u00e9t\u00e9 Digitale + Discovery Investigation<\/li>\n<li><strong>Scam City<\/strong> for Soci\u00e9t\u00e9 Digitale, National Geographic<\/li>\n<li><strong>Ici et Miaintenant<\/strong> for Trio Orange + Radio-Canada<\/li>\n<li><strong>ISAM : Amon Tobin<\/strong>\u00a0(live performance DVD) for Ninja Tune<\/li>\n<li><strong>Pinel<\/strong>\u00a0(documentary) for Video MTL<\/li>\n<li><strong>The Will<\/strong>\u00a02 (tv series) for Soci\u00e9t\u00e9 Digitale + Discovery Investigation<\/li>\n<li><strong>Capsules Web<\/strong> for Dominic Paquet<\/li>\n<li><strong>Pensez-Don<\/strong> for Atelier Folia + Transplant Qu\u00e9bec<\/li>\n<\/ul>\n<div>\n<div>Online editor<\/div>\n<div>\n<ul>\n<li><strong>Route 66<\/strong> for Baroque\/Datsit<\/li>\n<li><strong>Complexe G 2 <\/strong>for QuebeComm\/ComediaHa!<\/li>\n<li><strong>24-7<\/strong> for Slik <strong>on Mistika<\/strong><\/li>\n<li><strong>Ouisurf 1 &amp; 2<\/strong><\/li>\n<li><strong>Un chef \u00e0 la cabane<\/strong> for Attraction<\/li>\n<li>Chick n swell (TV series) PMT<\/li>\n<li>Fausses Couches\u00a0for Avanti + Canal Vie<\/li>\n<li>Quand les enfants s&#8217;en m\u00ealent \u00a0for Avanti + Canal Vie<\/li>\n<li>F\u00e9e \u00c9ric for La Presse T\u00e9l\u00e9 + Vrak<\/li>\n<li>Les \u00c9toiles du dodo for Trio Orange + Yoopa!<\/li>\n<li>S\u00e9rie Montr\u00e9al-Qu\u00e9bec for Productions J + TVA<\/li>\n<li>Top 7 for Soci\u00e9t\u00e9 Digitale + \u00c9vasion<\/li>\n<li>The Will for Soci\u00e9t\u00e9 Digitale + Discovery Investigation<\/li>\n<li>Recette de Chef for Trio Orange + TV5<\/li>\n<li>Guide Resto Voir for Trio Orange + \u00c9vasion<\/li>\n<li>Michel Legrand for Le Bureau de Post<\/li>\n<li>TV commercials for Pop 6<\/li>\n<li>H20 for Trap\u00e8ze productions + RDS<\/li>\n<li>H2SNOW for Trap\u00e8ze productions + RDS<\/li>\n<li>Contact for Contact TV + T\u00e9l\u00e9-Qu\u00e9bec<\/li>\n<li>other productions for Studio 408, JPL , Productions de la T\u00eate Chercheuse, FDCOM, Productions Minh Tao<\/li>\n<\/ul>\n<div>Motion designer<\/div>\n<div>\n<ul>\n<li>Clamato Bacon\u00a0(TV Commercial) Jet Films<\/li>\n<li>V Xpress for Info 3 , V T\u00e9l\u00e9<\/li>\n<li>Fishing Adventurer for Discovery, Evasion<\/li>\n<li>NAB and PostNAB packaging for Final Cut MTL<\/li>\n<li>H20 for Trap\u00e8ze productions + RDS<\/li>\n<li>H2SNOW for \u00a0Trap\u00e8ze productions + RDS<\/li>\n<li>more projects for TVBL, BrandNewImage&#8230;<\/li>\n<\/ul>\n<\/div>\n<\/div>\n<\/div>\n<p>Offline editor<\/p>\n<ul>\n<li>Ski Television for \u00dcbermedia, Trap\u00e8ze + RDS<\/li>\n<li>Flame 20th for Autodesk<\/li>\n<li>Various commercials for SHED<\/li>\n<li>The Will for Soci\u00e9t\u00e9 Digitale + Discovery Investigation<\/li>\n<li>H20 for Trap\u00e8ze productions + RDS<\/li>\n<li>H2SNOW for \u00a0Trap\u00e8ze productions + RDS<\/li>\n<li>Dan et ses dames for SHED et Select TV<\/li>\n<\/ul>\n<p>Technical director<\/p>\n<ul>\n<li><a href=\"http:\/\/www.cineground.com\">@CineGround<\/a><\/li>\n<li>ComediHa! \/ Quebecomm<\/li>\n<li>Zone 3<\/li>\n<li>Tungsten film<\/li>\n<li>ARTV<\/li>\n<li>SHED \/ Bureau de post<\/li>\n<li>Soci\u00e9t\u00e9 Digitale<\/li>\n<li>Contact TV<\/li>\n<li>Moment Factory<\/li>\n<\/ul>\n<div><\/div>\n<div>Here are the social networks on which you can find me:<\/div>\n<p><a title=\"http:\/\/www.linkedin.com\/in\/mathieumarano\" href=\"http:\/\/www.linkedin.com\/in\/mathieumarano\">my linkedIn<\/a><\/p>\n<\/div>\n<\/div>\n<div>\n<p><a title=\"http:\/\/www.twitter.com\/ilovehue\" href=\"http:\/\/www.twitter.com\/ilovehue\">twitter @ilovehue<\/a><\/p>\n<p><a href=\"https:\/\/vimeo.com\/ilovehue\" target=\"_blank\">on VIMEO<\/a><\/p>\n<p>by email: matATilovehueDOTnet<\/p>\n<\/div>\n","protected":false},"excerpt":{"rendered":"<p>I first began as a bassist in a punk band called LABEL. It pushed me toward the DIY scene and the technical side of music. \u00a0After College I went to a private school dedicated to teaching sound engineering. \u00a0After graduating, I got hired as a do-it-all man at Studio 408, a recording studio that also [&hellip;]<\/p>\n","protected":false},"author":1,"featured_media":0,"parent":0,"menu_order":0,"comment_status":"open","ping_status":"closed","template":"","meta":{"jetpack_post_was_ever_published":false,"footnotes":""},"class_list":["post-7","page","type-page","status-publish","hentry"],"jetpack_shortlink":"https:\/\/wp.me\/P2sPSp-7","jetpack_sharing_enabled":true,"_links":{"self":[{"href":"https:\/\/ilovehue.net\/index.php?rest_route=\/wp\/v2\/pages\/7","targetHints":{"allow":["GET"]}}],"collection":[{"href":"https:\/\/ilovehue.net\/index.php?rest_route=\/wp\/v2\/pages"}],"about":[{"href":"https:\/\/ilovehue.net\/index.php?rest_route=\/wp\/v2\/types\/page"}],"author":[{"embeddable":true,"href":"https:\/\/ilovehue.net\/index.php?rest_route=\/wp\/v2\/users\/1"}],"replies":[{"embeddable":true,"href":"https:\/\/ilovehue.net\/index.php?rest_route=%2Fwp%2Fv2%2Fcomments&post=7"}],"version-history":[{"count":112,"href":"https:\/\/ilovehue.net\/index.php?rest_route=\/wp\/v2\/pages\/7\/revisions"}],"predecessor-version":[{"id":1346,"href":"https:\/\/ilovehue.net\/index.php?rest_route=\/wp\/v2\/pages\/7\/revisions\/1346"}],"wp:attachment":[{"href":"https:\/\/ilovehue.net\/index.php?rest_route=%2Fwp%2Fv2%2Fmedia&parent=7"}],"curies":[{"name":"wp","href":"https:\/\/api.w.org\/{rel}","templated":true}]}}