{"id":103,"date":"2012-10-03T00:13:27","date_gmt":"2012-10-03T00:13:27","guid":{"rendered":"http:\/\/ilovehue.net\/?page_id=103"},"modified":"2014-09-09T16:50:56","modified_gmt":"2014-09-09T16:50:56","slug":"cours","status":"publish","type":"page","link":"https:\/\/ilovehue.net\/?page_id=103","title":{"rendered":"Cours"},"content":{"rendered":"<h1>Cours et formations<\/h1>\n<p>&nbsp;<\/p>\n[box] Abonnez-vous au mailing list pour \u00eatre tenu au courant des nouvelles formation et des dates. <!-- Begin MailChimp Signup Form --><\/p>\n<div id=\"mc_embed_signup\">\n<form id=\"mc-embedded-subscribe-form\" class=\"validate\" action=\"http:\/\/ilovehue.us5.list-manage.com\/subscribe\/post?u=5e028e9cb71ef984a8e7a96fc&amp;id=05fb6e4b8a\" method=\"post\" name=\"mc-embedded-subscribe-form\" target=\"_blank\"><label for=\"mce-EMAIL\">Inscrivez votre courriel ici:<\/label> <input id=\"mce-EMAIL\" class=\"email\" name=\"EMAIL\" type=\"email\" value=\"\" \/><\/p>\n<div class=\"clear\"><input id=\"mc-embedded-subscribe\" class=\"button\" name=\"subscribe\" type=\"submit\" value=\"Ajoutez-moi\" \/><\/div>\n<\/form>\n<\/div>\n<p><!--End mc_embed_signup-->[\/box]\n<hr \/>\n<p>&nbsp;<\/p>\n<h1><\/h1>\n<h1><a href=\"https:\/\/ilovehue.net\/wp-content\/uploads\/2012\/10\/R11plateaux.jpg\"><img fetchpriority=\"high\" decoding=\"async\" class=\"aligncenter wp-image-594 size-full\" src=\"https:\/\/ilovehue.net\/wp-content\/uploads\/2012\/10\/R11plateaux.jpg\" alt=\"Cours Resolve 11 sur les plateaux\" width=\"500\" height=\"134\" srcset=\"https:\/\/ilovehue.net\/wp-content\/uploads\/2012\/10\/R11plateaux.jpg 500w, https:\/\/ilovehue.net\/wp-content\/uploads\/2012\/10\/R11plateaux-300x80.jpg 300w\" sizes=\"(max-width: 500px) 100vw, 500px\" \/><\/a><\/h1>\n<h1>DaVinci Resolve 11 sur les plateaux<\/h1>\n<address><strong>Du 22 oct. 2014 au 22 oct. 2014 .<\/strong><\/address>\n<address>Dur\u00e9e : 8 heures<\/address>\n<address>Horaire : 9h \u00e0 18h<\/address>\n<address>Nb de places : 8<\/address>\n<address>\u00a0<\/address>\n<address><a href=\"http:\/\/www.inis.qc.ca\/cours\/288\/davinci-resolve-11-pour-les-plateaux\" target=\"_blank\">Suivez ce lien vers le site de l&#8217;INIS pour les inscriptions<\/a><\/address>\n<address>\u00a0<\/address>\n<p>Avec sa version 11, le logiciel d\u2019\u00e9talonnage et de finition DaVinci Resolve devient l\u2019outil de choix pour g\u00e9rer les images directement sur les plateaux de tournage. Il permet au technicien en gestion de donn\u00e9es (Data Wrangler) de copier les m\u00e9dias et de v\u00e9rifier leur int\u00e9grit\u00e9. Les op\u00e9rateurs vid\u00e9o (DIT) peuvent \u00e9galement s\u2019en servir pour ajuster l\u2019image de la cam\u00e9ra en temps r\u00e9el afin d&#8217;offrir une qualit\u00e9 optimale. Ce cours de huit heures permettra aux participants de se familiariser avec les fonctions utiles \u00e0 l&#8217;\u00e9tape de la prise de vue. Cette formation vise \u00e0 montrer aux techniciens de plateau comment utiliser Resolve 11 pour copier les m\u00e9dias, ajuster les moniteurs, appliquer des LUT et cr\u00e9er les daillies pour les besoins de postproduction.<\/p>\n<p>Pour en savoir davantage sur les fonctions d&#8217;\u00e9talonnage du logiciel il est pr\u00e9f\u00e9rable de s&#8217;inscrire \u00e0 la formation\u00a0<a style=\"font-style: inherit; color: #f43732;\" href=\"http:\/\/www.inis.qc.ca\/cours\/289\/davinci-resolve-11-initiation-a-letalonnage\" target=\"_blank\">Davinci Resolve 11 : initiation \u00e0 l&#8217;\u00e9talonnage<\/a>\u00a0d&#8217;une dur\u00e9e de 21 heures.<\/p>\n<hr \/>\n<h1><\/h1>\n<h1><a href=\"https:\/\/ilovehue.net\/wp-content\/uploads\/2012\/10\/R11init.jpg\"><img decoding=\"async\" class=\"aligncenter wp-image-595 size-full\" src=\"https:\/\/ilovehue.net\/wp-content\/uploads\/2012\/10\/R11init.jpg\" alt=\"Cours Resolve 11 Initiation\" width=\"500\" height=\"134\" \/><\/a><\/h1>\n<h1>Initiation \u00e0 DaVinci Resolve 11<\/h1>\n<h2 style=\"font-weight: 400; color: #222222;\"><\/h2>\n<div class=\"rangeDate\" style=\"color: #949494;\"><strong>Du\u00a0<span style=\"font-style: inherit; color: #30323a;\">18 oct. 2014\u00a0<\/span>au\u00a0<span style=\"font-style: inherit; color: #30323a;\">20 oct. 2014\u00a0<\/span>.<\/strong><\/div>\n<div style=\"color: #30323a;\"><span style=\"font-style: inherit;\">Dur\u00e9e :\u00a0<\/span>21 heures<\/div>\n<div style=\"color: #30323a;\"><span style=\"font-style: inherit;\">Horaire :\u00a0<\/span>9h \u00e0 17h<\/div>\n<div style=\"color: #30323a;\"><span style=\"font-style: inherit;\">Nb de places :\u00a0<\/span>8<\/div>\n<div style=\"color: #30323a;\"><\/div>\n<div style=\"color: #30323a;\"><a href=\"http:\/\/www.inis.qc.ca\/cours\/289\/davinci-resolve-11-initiation-a-letalonnage\" target=\"_blank\">Suivez ce lien vers le site de l&#8217;INIS pour les inscriptions<\/a><\/div>\n<div style=\"color: #30323a;\"><\/div>\n<p style=\"color: #222222;\">OBJECTIFS<\/p>\n<p style=\"color: #222222;\">\u00a0Aqu\u00e9rir des habilet\u00e9s pour op\u00e9rer les diff\u00e9rentes fonctions du logiciel \u00e0 des fins d&#8217;\u00e9talonnage, de montage et de finition pour la diffusion.<\/p>\n<p style=\"color: #222222;\">\u00a0Au terme de la formation, le participant sera notamment capable de:<\/p>\n<ul style=\"color: #222222;\">\n<li style=\"font-style: inherit;\">Expliquer les diff\u00e9rences entre le traitement des diff\u00e9rent types de m\u00e9dias de tournage (RAW, log, compress\u00e9, non-compress\u00e9)<\/li>\n<\/ul>\n<ul style=\"color: #222222;\">\n<li style=\"font-style: inherit;\">Comprendre le r\u00f4le du coloriste<\/li>\n<\/ul>\n<ul style=\"color: #222222;\">\n<li style=\"font-style: inherit;\">Importer un projet des diff\u00e9rents logiciels de montage (Avid, Final Cut Pro)<\/li>\n<\/ul>\n<ul style=\"color: #222222;\">\n<li style=\"font-style: inherit;\">Balancer une image avec les outils \u00abPrimaires\u00bb, les \u00absecondaires\u00bb, les PowerWindows et les nodes<\/li>\n<\/ul>\n<ul style=\"color: #222222;\">\n<li style=\"font-style: inherit;\">Livrer un projet dans les sp\u00e9cifications t\u00e9l\u00e9visuelles<\/li>\n<\/ul>\n<ul style=\"color: #222222;\">\n<li style=\"font-style: inherit;\">Utiliser les techniques de montage de base dans DaVinci Resolve 11<\/li>\n<\/ul>\n<ul style=\"color: #222222;\">\n<li style=\"font-style: inherit;\">G\u00e9rer, synchroniser et ajuster le son et les pistes dans un contexte de montage<\/li>\n<\/ul>\n<ul style=\"color: #222222;\">\n<li style=\"font-style: inherit;\">Utiliser les modules d\u2019effets pour am\u00e9liorer un plan ou modifier les plugiciels d\u2019effets OpenFX<\/li>\n<\/ul>\n","protected":false},"excerpt":{"rendered":"<p>Cours et formations &nbsp; [box] Abonnez-vous au mailing list pour \u00eatre tenu au courant des nouvelles formation et des dates. Inscrivez votre courriel ici: [\/box] &nbsp; DaVinci Resolve 11 sur les plateaux Du 22 oct. 2014 au 22 oct. 2014 . Dur\u00e9e : 8 heures Horaire : 9h \u00e0 18h Nb de places : 8 [&hellip;]<\/p>\n","protected":false},"author":1,"featured_media":0,"parent":0,"menu_order":0,"comment_status":"open","ping_status":"open","template":"page-full.php","meta":{"jetpack_post_was_ever_published":false,"footnotes":""},"class_list":["post-103","page","type-page","status-publish","hentry"],"jetpack_shortlink":"https:\/\/wp.me\/P2sPSp-1F","jetpack_sharing_enabled":true,"_links":{"self":[{"href":"https:\/\/ilovehue.net\/index.php?rest_route=\/wp\/v2\/pages\/103","targetHints":{"allow":["GET"]}}],"collection":[{"href":"https:\/\/ilovehue.net\/index.php?rest_route=\/wp\/v2\/pages"}],"about":[{"href":"https:\/\/ilovehue.net\/index.php?rest_route=\/wp\/v2\/types\/page"}],"author":[{"embeddable":true,"href":"https:\/\/ilovehue.net\/index.php?rest_route=\/wp\/v2\/users\/1"}],"replies":[{"embeddable":true,"href":"https:\/\/ilovehue.net\/index.php?rest_route=%2Fwp%2Fv2%2Fcomments&post=103"}],"version-history":[{"count":70,"href":"https:\/\/ilovehue.net\/index.php?rest_route=\/wp\/v2\/pages\/103\/revisions"}],"predecessor-version":[{"id":597,"href":"https:\/\/ilovehue.net\/index.php?rest_route=\/wp\/v2\/pages\/103\/revisions\/597"}],"wp:attachment":[{"href":"https:\/\/ilovehue.net\/index.php?rest_route=%2Fwp%2Fv2%2Fmedia&parent=103"}],"curies":[{"name":"wp","href":"https:\/\/api.w.org\/{rel}","templated":true}]}}